What is i(13)?
-5
Let f(i) = i**3 + 22*i**2 - 45*i + 76. Determine f(-24).
4
Let y(o) = o**2 + 59*o + 575. Determine y(-12).
11
Let i(o) = -13*o**2 - 10. Give i(-3).
-127
Let m(q) = q**3 + q**2 + 8*q + 10. Give m(-5).
-130
Let g(a) = -2*a**2 + 243*a + 3214. Give g(-12).
10
Let i(k) = 72*k**2 + 4. Give i(-2).
292
Let l(n) = 809*n - 804. Give l(1).
5
Let x(o) = 126*o**3 + 2*o**2 - 51*o - 55. Determine x(-1).
-128
Let z(o) = 2*o**2 - 35*o + 3. What is z(0)?
3
Let t(m) = m**2 - 139*m + 3899. What is t(100)?
-1
Let o(b) = b**3 + 131*b**2 + 624*b - 790. Give o(-126).
-34
Let d(s) = 1159*s - 10. Give d(0).
-10
Let l(n) = 5727*n - 11462. What is l(2)?
-8
Let g(c) = -c**3 - 57*c**2 + 56*c - 16. What is g(-58)?
100
Let o(q) = q**2 + 175*q - 3705. Calculate o(19).
-19
Let v(f) = -2497*f + 19971. Give v(8).
-5
Let x(d) = -d**3 - 187*d**2 - 189*d - 586. Give x(-186).
-28
Let j(p) = p**3 - 4*p**2 + 5*p + 11. What is j(-4)?
-137
Let r(p) = p**3 - 11*p**2 - 31*p + 70. Calculate r(13).
5
Let c(n) = -4*n**2 - 16*n + 6. Give c(-7).
-78
Let p(z) = 125*z - 848. What is p(9)?
277
Let q(z) = 57*z - 1231. Determine q(23).
80
Let w(u) = 175*u**3 - 873*u**2 - 7*u - 8. What is w(5)?
7
Let v(m) = -9*m**2 + 60*m + 170. Give v(9).
-19
Let t(h) = h**3 - 95*h**2 - 389*h + 6. Determine t(-4).
-22
Let g(w) = -2*w**2 + 70*w - 260. Determine g(31).
-12
Let w(a) = -785*a + 60449. Give w(77).
4
Let b(n) = -815*n - 27692. What is b(-34)?
18
Let s(k) = -21*k - 1091. Give s(-53).
22
Let p(q) = 48*q**2 - 554*q + 1109. Determine p(2).
193
Let g(z) = -119*z**3 + 713*z**2 + 5*z + 12. Give g(6).
6
Let s(t) = 31*t - 160. Give s(5).
-5
Let t(w) = -3*w**2 + 26*w + 285. Determine t(-8).
-115
Let b(x) = -3*x**3 + 29*x**2 + 16*x - 6. What is b(0)?
-6
Let k(u) = u**3 - 88*u**2 - 1091*u - 86. Give k(99).
-284
Let p(w) = 16*w + 409. Calculate p(-27).
-23
Let g(f) = 16*f - 451. Determine g(29).
13
Let i(m) = 19*m**2 - 242*m - 65. Give i(13).
0
Let o(h) = -9*h**3 - 208*h**2 - 25*h - 5. Give o(-23).
41
Let t(a) = 17*a + 76. What is t(9)?
229
Let l(z) = -204*z - 2101. Give l(-10).
-61
Let l(z) = -4*z**2 - 212*z + 531. Determine l(-54).
315
Let c(r) = 1147*r - 4584. Calculate c(4).
4
Let f(y) = 55*y - 4. Give f(-6).
-334
Let q(u) = u**2 - 25*u - 25. Determine q(26).
1
Let c(l) = l**2 - 140*l - 6521. Calculate c(-37).
28
Let p(n) = -3294*n + 16462. Determine p(5).
-8
Let z(q) = 13*q**2 + 143*q + 281. What is z(-2)?
47
Let x(i) = -i**3 + 29*i**2 + 30*i - 1600. Give x(28).
24
Let c(n) = 190*n + 9339. Calculate c(-49).
29
Let d(o) = -156*o - 3745. Calculate d(-24).
-1
Let y(f) = 112*f + 2111. Determine y(-19).
-17
Let v(r) = r**3 - 118*r**2 + 109*r + 894. Calculate v(117).
-42
Let f(s) = 5*s - 45. Determine f(-3).
-60
Let r(d) = 3*d**2 - 32*d - 87. Calculate r(12).
-39
Let j(y) = y**2 - 34*y - 627. Determine j(47).
-16
Let n(h) = h**2 - 30*h + 12. What is n(29)?
-17
Let a(d) = 2*d**3 - 67*d**2 - 55*d + 692. Give a(34).
-22
Let h(a) = -2*a**3 - 10*a**2 + 679*a + 4003. Calculate h(-6).
1
Let v(l) = -31*l**3 - 41*l**2 + 42*l - 2. Determine v(1).
-32
Let n(i) = -6*i**2 + 223*i - 27. Calculate n(37).
10
Let d(k) = 2*k**2 - 144*k - 930. What is d(-6)?
6
Let p(v) = 4*v**3 + 29*v**2 - 12*v - 42. Calculate p(-8).
-138
Let r(p) = 2*p**2 + 65*p - 229. Give r(-36).
23
Let z(u) = -2*u**2 - 112*u - 1559. What is z(-24)?
-23
Let l(o) = -11*o**2 + 626*o + 34. What is l(57)?
-23
Let d(s) = -47*s**3 + 470*s**2 + 3*s. Determine d(10).
30
Let m(d) = -2*d**2 - 593*d - 6276. What is m(-11)?
5
Let y(v) = 230*v + 149. Give y(0).
149
Let u(b) = -2*b**2 + 362*b - 2463. Determine u(7).
-27
Let f(g) = 300*g + 2394. Determine f(-8).
-6
Let o(y) = -y**2 + 15*y + 110. What is o(24)?
-106
Let v(i) = 1258*i + 11334. Calculate v(-9).
12
Let s(c) = -c**3 - 9*c**2 - 23*c - 227. Calculate s(-10).
103
Let t(u) = 2*u**2 - 80*u - 1732. Determine t(56).
60
Let w(r) = -r**3 - 38*r**2 - 136*r - 4. Calculate w(-34).
-4
Let p(y) = 2*y**2 - 88*y - 27. Calculate p(44).
-27
Let w(m) = -m**3 - 16*m**2 - 56*m + 9. Give w(-10).
-31
Let r(q) = -320*q - 153. What is r(-1)?
167
Let z(v) = v**3 - 8*v**2 + 6*v + 2. Calculate z(6).
-34
Let t(j) = j**3 - 18*j**2 - 12*j + 2. Give t(19).
135
Let x(z) = z**3 + z**2 - 10*z - 6. Calculate x(-1).
4
Let b(q) = -34*q + 25. What is b(2)?
-43
Let o(a) = 4*a - 77. Determine o(11).
-33
Let v(f) = -f**2 - 75*f + 12633. Determine v(81).
-3
Let o(r) = -441*r + 4859. What is o(11)?
8
Let m(b) = -35*b - 1862. Calculate m(-53).
-7
Let g(f) = 4*f**3 + 7*f**2 + 27*f - 89. Give g(3).
163
Let h(c) = 2*c**3 + 20*c**2 - 2*c + 6. What is h(0)?
6
Let w(q) = -281*q - 13772. What is w(-49)?
-3
Let j(x) = -13*x + 335. What is j(26)?
-3
Let v(g) = -3*g**2 + 72*g - 338. Determine v(18).
-14
Let a(t) = -2*t**2 + 172*t + 349. Determine a(-2).
-3
Let a(d) = 9*d - 222. What is a(32)?
66
Let c(w) = 2*w**3 - 14*w**2 + 15*w - 226. Calculate c(10).
524
Let q(i) = -27*i - 1558. Determine q(-58).
8
Let v(l) = -99*l - 1894. Calculate v(-19).
-13
Let g(d) = -18*d**2 + 268*d + 37. Give g(15).
7
Let o(t) = 49*t - 134. Give o(4).
62
Let q(a) = -10*a**3 + 13*a**2 - 2*a - 7. Calculate q(3).
-166
Let q(g) = -g**3 - 52*g**2 + g - 43. What is q(0)?
-43
Let f(s) = -51*s - 39. Give f(-1).
12
Let r(s) = 21*s**2 + 8*s + 5. Calculate r(-1).
18
Let n(c) = 84*c - 142. Calculate n(-4).
-478
Let v(i) = -i**3 - 7*i**2 + 50*i + 69. What is v(-11)?
3
Let o(i) = 3*i**3 - 116*i**2 - 88*i + 1917. Determine o(39).
6
Let n(f) = f**3 + 4*f**2 - 60*f + 34. Give n(-10).
34
Let x(b) = -b**2 + 115*b + 3399. Calculate x(-22).
385
Let x(o) = 9*o**2 - 43*o - 7. Calculate x(8).
225
Let w(v) = 18*v**2 + 6*v - 1. Give w(2).
83
Let i(g) = -g**3 + 5*g**2 + 335*g + 16. Calculate i(21).
-5
Let w(b) = 2*b**3 - 17*b**2 + 17*b + 57. Determine w(6).
-21
Let z(l) = -l**3 - 2*l**2 + 20*l. Calculate z(0).
0
Let s(p) = -35*p - 2257. Determine s(-66).
53
Let k(c) = 32572*c + 162866. Determine k(-5).
6
Let r(a) = -a**3 - 11*a**2 - 19*a - 355. Calculate r(-12).
17
Let k(v) = 644*v + 650. What is k(-1)?
6
Let b(c) = 8*c**2 - 2*c. Determine b(1).
6
Let m(a) = 18*a + 134. Determine m(-13).
-100
Let y(t) = -t**2 - 7*t + 67. Calculate y(-15).
-53
Let z(g) = -50*g + 608. Calculate z(5).
358
Let i(u) = -5*u**2 + 5*u + 25. Determine i(4).
-35
Let j(n) = 9*n - 147. What is j(5)?
-102
Let y(h) = -2*h**2 + 76*h + 147. Calculate y(-2).
-13
Let p(s) = 25*s**2 + 2027*s + 164. What is p(-81)?
2
Let t(h) = -20*h**2 - 173*h - 95. Calculate t(-8).
9
Let o(m) = -74*m + 4882. Determine o(66).
-2
Let v(w) = -4*w**3 - 11*w**2 + 39*w + 108. What is v(-3)?
0
Let y(s) = 231*s - 2085. Determine y(9).
-6
Let d(r) = r**2 - 18*r - 392. Determine d(-9).
-149
Let d(g) = g**2 + 300*g - 4083. Give d(13).
-14
Let j(y) = 3*y**3 + 50*y**2 + 45*y + 214. What is j(-16)?
6
Let c(p) = 7*p**3 + 2*p**2 + 1466*p + 2929. What is c(-2)?
-51
Let q(n) = -2*n**2 - 29*n - 14. What is q(-16)?
-62
Let u(a) = 21*a**3 + 27*a + 56. Calculate u(-2).
-166
Let t(s) = 12*s + 148. Determine t(-14).
-20
Let j(m) = m**3 + 67*m**2 + 58*m - 261. What is j(-66)?
267
Let z(y) = -2*y**2 + 45*y - 95. What is z(20)?
5
Let v(w) = -58*w + 21. Calculate v(3).
-153
Let w(r) = 2*r**2 + 93*r - 10245. What is w(52)?
-1
Let s(w) = 5*w**3 + 83*w**2 + 45*w - 91. Give s(-16).
-43
Let r(g) = 103*g + 11736. Determine r(-115).
-109
Let t(k) = -8*k**2 - 53*k - 37. Calculate t(-11).
-422
Let y(g) = -5*g**3 + 12*g**2 - 12*g + 12. What is y(6)?
-708
Let f(w) = w**2 - 33*w + 7. What is f(32)?
-25
Let l(m) = 185*m**2 - 1012*m + 4. Give l(5).
-431
Let y(k) = 187*k - 1284. Give y(9).
399
Let y(k) = k**3 + 24*k**2 + k - 509. Calculate y(-23).
-3
Let l(s) = 3*s**2 - 3*s + 17. What is l(0)?
17
Let x(q) = q**3 - 32*q**2 - 36*q - 40. What is x(33)?
-139
Let a(t) = -t**2 - 1315*t + 18610. Give a(14).
4
Let m(y) = -160*y - 40. Give m(-1).
120
Let g(o) = 69*o + 2. What is g(4)?
278
Let a(h) = -5*h**3 + 3*h**2 - 2*h - 4. Determine a(-1).
6
Let c(l) = 3*l**3 - 22*l**2 + 597*l - 4911. What is c(8)?
-7
Let j(k) = -k**3 - 10*k**2 + 48*k + 15. Calculate j(-14).
127
Let r(i) = -16*i**2 - 11*i + 144. Calculate r(8).
-968
Let v(a) = a**2 + 69*a + 891. Give v(-42).
-243
Let w(d) = -1389*d - 63890. What is w(-46)?
4
Let l(y) = y**3 - 15*y**2 + 75*y - 132. Calculate l(7).
1
Let i(w) = 223*w - 3115. What is i